 derivative of -c**6/12 - c**5/60 - c**4/24 - c**3/6 - 8*c**2. Determine t(-1).
9
Let v(m) = 3*m - 3. Let i(l) = -l + 1. Let n be i(-1). Suppose -x + 12 = n*x. Suppose -u + 2*b + 2 = -2*b, -b = 2*u - x. Determine v(u).
3
Let v be -9*(3 + 1 + -3). Let c(z) = z**3 + 8*z**2 - 7*z + 8. Calculate c(v).
-10
Let q(b) = b**3 + b**2 + b + 1. Let f(c) = 6*c**3 + 12*c**2 + 13*c + 14. Let k(s) = -f(s) + 5*q(s). Let a be 1*-2 - (-4 + (-32)/(-4)). What is k(a)?
3
Let i(f) = -f + 17. Let b(c) = -c + 18. Let x(g) = 5*b(g) - 6*i(g). What is x(5)?
-7
Suppose -6 = -2*o + 3*h, 2*h = -3*o - 4 - 0. Let y(c) = c**3 - c + 3. Let u be y(o). Let b(n) = -n**3 + 4*n**2 - 2*n + 4. Determine b(u).
7
Let i = -195 - -186. Let k(x) = x + 1. Determine k(i).
-8
Let a(y) = 10*y - 3 - 8*y + 6. What is a(3)?
9
Let c = 4 - 2. Let o be 1/(c/(0 - -2)). Let k(p) = p + 4*p + 0*p. Calculate k(o).
5
Let k(q) = -q + 4. Let l = -3 + 5. Suppose -3*h + 110 = l*h. Suppose c = -4*f, 5*c = 3*f - f + h. Calculate k(c).
0
Let g(z) = -4*z - 3 - 2*z - 2*z. Let a(p) be the second derivative of -p**4/12 + p**2 + 5*p. Let q be a(2). Give g(q).
13
Let g(s) = 3*s + 61. Let a be g(-21). Let z(q) be the second derivative of -q**4/3 - q**3/2 - q**2 - q. Give z(a).
-12
Let y(d) = 2*d**2 - 4*d + 3. Suppose 0 = 5*n - 2*n - 24. Suppose 4*v - 2*b - n = 0, 0 = 2*v + b - 0*b. Let q = 3 - v. What is y(q)?
3
Let j(g) = 7*g**2 + g - 15. Let p(v) be the second derivative of 13*v**4/12 + v**3/3 - 29*v**2/2 + v. Let w(b) = -11*j(b) + 6*p(b). What is w(0)?
-9
Let m = -1 + -5. Let w(t) be the third derivative of -t**6/120 - t**5/12 + 5*t**4/24 + t**3/6 + 24*t**2. Calculate w(m).
7
Let r(u) be the third derivative of 4*u**2 + 1/24*u**4 + 2/3*u**3 + 0 + 0*u. What is r(-3)?
1
Let h(k) = 1 + k**2 - 3*k - 3*k**2 - 3 + k**2. Give h(-4).
-6
Let x be (4 - 2) + -2 + 4. Let g(n) = n - 7. Calculate g(x).
-3
Let g(p) = p**2 - 4*p + 4. Let n(b) = 2*b**2 - 12*b + 13. Let h(q) = -7*g(q) + 2*n(q). Determine h(2).
-6
Let p(h) be the first derivative of h**6/360 + h**5/20 - h**4/4 - h**3 + 3. Let k(x) be the third derivative of p(x). Calculate k(-6).
-6
Let b(t) = 2*t**3 - 8*t**2 - 11. Let v(s) = s**3 - 4*s**2 - 5. Let c(j) = -2*b(j) + 5*v(j). Give c(3).
-12
Let p(b) = 2*b + 3. Let f = 10 + -13. Let c(v) = -v**2 - 4*v + 2. Let i be c(f). Suppose 15 = -5*w - 3*k + 3, 2*w = i*k - 11. Determine p(w).
-3
Let j(m) = -16 - 21*m + 0*m**3 - 11*m**2 + 31*m - m**3. Determine j(-12).
8
Suppose -5*q + 4*u = 5*u + 13, 4 = 2*q + 5*u. Let h = 3 + q. Let z(f) = -7*f + 5. Let m(c) = 10*c - 8. Let j(s) = 5*m(s) + 7*z(s). What is j(h)?
-5
Let y(o) be the first derivative of -o**2/2 + 2*o - 13. What is y(-6)?
8
Let g(k) = -k. Let b(p) = -p**2 + 5*p + 3. Let f(j) = -b(j) - 5*g(j). Let q(t) = 5*t**2 + t - 12. Let s(h) = -9*f(h) + 2*q(h). Determine s(-2).
3
Let n(u) = -u + 5. Let o = -24 + 24. What is n(o)?
5
Let u(n) = -6*n + 6*n - n. Give u(-6).
6
Let n(b) be the first derivative of -b**4/4 + b**3/3 - b**2/2 - 25*b - 2. Determine n(0).
-25
Let d = -1 - -13. Suppose 0 = -4*k - 4*t + 8, -5*k = -0*k + 3*t - d. Let z(o) = o - 1. Calculate z(k).
2
Let r(v) = -3*v. Let y(f) be the first derivative of -f**3/3 - 5*f**2/2 - 3*f - 3. Let x be y(-4). Determine r(x).
-3
Let a(f) be the first derivative of 1/2*f**2 + 3*f + 2. Suppose -g = -x + 3*x + 9, -5*x + 2*g = 27. What is a(x)?
-2
Let l = 44 - 39. Let g(n) = -3*n + 6. Give g(l).
-9
Let n(r) = r - 4. Suppose 0 = -4*s + 12 + 12. Give n(s).
2
Let r = -11 + 6. Let j = r - -6. Let d(b) = 9*b - 1. Give d(j).
8
Let q = -32 + 27. Let u(h) = -h**2 - 2*h + 3. Calculate u(q).
-12
Let o = 16 + -9. Suppose 5*n + o = 27. Let r(h) = 0 - n*h**3 - 1 - 2*h + 0*h. What is r(-1)?
5
Let m(x) = -x - 13. Let n = -2 + -6. Determine m(n).
-5
Let v = -151 - -148. Let m(t) = 4*t**3 - t**2 - 3*t**3 - t + 3*t**2. Calculate m(v).
-6
Suppose 5*s = -20, 2*r = -2*s + 3*s + 12. Let g(h) = -2*h + 4. Calculate g(r).
-4
Let c(x) = 4*x**2. Suppose -2 = -3*d - 5*u - 16, -5*d + 4*u = -26. Suppose 0 = q + d*q + 3. What is c(q)?
4
Let f(d) = -2*d + 1. Suppose o - 3*b - 2 = -0, 2*b + 7 = -5*o. What is f(o)?
3
Let k(b) = 9*b - 10*b + b**3 - b**2 + 4*b + 1 + 5*b**2. Let f(s) = -2*s**3 - 2*s + 1. Let q be f(1). Let i(z) = z**3 + 2*z**2 - 2*z. Let y be i(q). Give k(y).
1
Let p(h) = 4*h**2 + 10*h - 4. Let q(n) = -n**2 - n - 1. Let c(r) = -p(r) - 3*q(r). Calculate c(-6).
13
Let v(y) be the first derivative of -y**3/3 + y**2/2 - 7*y + 5. What is v(0)?
-7
Let w(q) be the second derivative of -2/3*q**3 - q**2 + 0 + 3*q. Calculate w(-2).
6
Let i(r) = -r**2 - 4*r - 1. Suppose 15 = 5*f - 5*n + 50, -2*f = n + 5. Let m be i(f). Let d(h) = -5*h - 1. Determine d(m).
4
Let v(f) = -f**3 + 7*f**2 + 11*f - 9. Let j be v(8). Suppose 3*t = j + 12. Suppose -3*q + 11 = 2*n, 4*n + 2*q - 1 = t. Let c(a) = 5*a + 1. Calculate c(n).
6
Let g(u) = 2 + 5 - u - 5. Let f = 8 + -17. Let b(n) = n + 12. Let d be b(f). Determine g(d).
-1
Let m(j) be the third derivative of -j**6/120 - j**5/20 - 19*j**2. Calculate m(-3).
0
Let l = -3 + -1. Let v(r) = 9*r**2 - 19*r + 9. Let y(s) = -5*s**2 + 10*s - 5. Let m(j) = -6*v(j) - 11*y(j). Determine m(l).
1
Let j(k) be the second derivative of -k**4/6 - 7*k**3/6 + k**2 + 8*k. Let d(i) = -5*i**2. Let g be d(1). Give j(g).
-13
Suppose -k - 2*k - x = -9, -5*k + 1 = -3*x. Let m = 5 - k. Suppose b + 15 = -m*q + 3*b, -2*q - b = 10. Let h(y) = -y**2 - 5*y + 3. What is h(q)?
3
Let u = -7 + 9. Let z(c) = 2*c + c - u + 4 - 6*c. Let r be (-5)/(-1) + -1 + -1. Calculate z(r).
-7
Let z(h) = h**3 + 3*h**2 - 4*h + 1. Suppose w = -3*u - w - 1, -3*u - 17 = -2*w. Give z(u).
13
Let x(z) = 3*z - 5. Let q(p) = 9*p - 15. Let s(t) = 3*q(t) - 8*x(t). Give s(4).
7
Let z(w) = -12*w - 3. Let v(q) = 25*q + 7. Let j(n) = -4*v(n) - 9*z(n). Give j(2).
15
Let x(f) = -f + 1 + 4*f - 2 - 5*f. Let h be 3/6*(2 - 4). Give x(h).
1
Let r(x) be the third derivative of -x**4/24 + 2*x**3/3 + 5*x**2. Let j be (-10)/(-3 - (-2 + 1)). Give r(j).
-1
Let o = -6 + 10. Let d(q) = -4*q + 0*q**2 + 0*q + q**2 - 3*q + 6. Calculate d(o).
-6
Suppose 2*t = 7*t - 15. Let l(z) = z**3 - 2*z**2 - 2*z - 4. Determine l(t).
-1
Let v(s) = s**2. Let x(z) be the third derivative of -z**4/24 + 5*z**3/3 + 5*z**2. Let f be x(8). Give v(f).
4
Let a(d) be the first derivative of 0*d - 1/2*d**2 + 5. Suppose 4 = 3*h + 4*c - 3, 2 = 5*h - 3*c. Determine a(h).
-1
Let v(m) = -m**2 + 6*m + 4. Let u(n) = -2*n + 19. Let q be u(6). Let x = 42 + -30. Let l = x - q. Determine v(l).
9
Let r(f) = -f**2 + 4*f + 5. Let d be 1 - (1 - 6/(-3)). Let i = d + 6. Suppose -i = 5*v - v + 4*k, 0 = 4*v + 5*k + 9. Determine r(v).
5
Suppose 3*w + 28 = -4*w. Let a(y) = 2*y**2 + 11*y + 7. Let z(o) = -o**2 - 5*o - 3. Let k(q) = w*a(q) - 7*z(q). Determine k(-5).
13
Let m(o) = -4*o + 2. Let x(q) = 9*q - 3. Let y(b) = -5*m(b) - 2*x(b). Calculate y(5).
6
Let v(t) = t - 2. Let g(k) = -2 + k**2 + 7 - k**2 + 2*k**2 + 6*k. Let n be g(-3). Give v(n).
3
Let v be 1/2 - (-12)/24. Let f(u) = 8*u - 2*u + 0 - v. Determine f(-1).
-7
Let z(t) be the first derivative of -t**5/120 + t**4/8 - 8*t**3/3 - 6. Let f(n) be the third derivative of z(n). Determine f(-4).
7
Let i be ((-5)/3)/((-23)/69). Let a(g) = g**2 - 4*g - 5. What is a(i)?
0
Suppose -2*u + 5*s = 2, -2*u + 8 = u - 2*s. Let r(v) = -107*v**2 - 1 - 108*v**2 + 6*v + 214*v**2. Determine r(u).
7
Let v(r) be the first derivative of r**2/2 - 11*r - 39. What is v(5)?
-6
Let c(o) be the first derivative of 3 - 1/2*o**2 - 12*o. Calculate c(-6).
-6
Let l be (1 + -5)/(-4) - 6. Let a(n) = -2*n**2 - 6*n + 4. Calculate a(l).
-16
Let w(h) be the first derivative of h**3/3 + 6*h**2 + 6*h + 12. What is w(-12)?
6
Let x(m) = -m**2 - 7*m - 8. Let y be x(-5). Suppose -5*h + 13 = y*q - 2, 4*q = -h - 15. Let s(r) = -r**3 + 4*r**2 + 4*r - 1. Calculate s(h).
-6
Let o(s) = -s**3 + 6*s**2 - 7. Let b = -8 + 5. Let a(w) = -7*w - 5. Let l(z) = 4*z + 3. Let d(y) = -3*a(y) - 5*l(y). Let t(x) = b*d(x) + o(x). Determine t(5).
3
Let l(s) = -3 + 2*s + 2*s - 5*s - 8. Give l(0).
-11
Let k = -46 + 48. Let y(o) = o + 3*o**2 - o**3 - 1 + 4 - 4. Calculate y(k).
5
Let i(u) = -2*u + 2 + 3*u - 7*u. What is i(2)?
-10
Let h(y) be the second derivative of 3*y**5/20 + y**4/12 + y**3/6 + 12*y. Give h(-1).
-3
Let j(t) be the first derivative of t**3/3 - 3*t**2/2 + 5*